 6) to base 13
-16a46
Convert -120325 (base 8) to base 3.
-2002110221
9701 (base 12) to base 9
24641
Convert -27b (base 15) to base 9.
-688
-885 (base 16) to base 15
-9a6
What is -132120 (base 4) in base 13?
-b67
-113210 (base 4) to base 6
-10552
What is -22120111 (base 3) in base 12?
-374a
-1343000 (base 5) to base 7
-144161
-285 (base 16) to base 13
-3a8
Convert 30006 (base 8) to base 4.
3000012
1000000110001000 (base 2) to base 10
33160
-1120021 (base 3) to base 13
-69a
What is d94 (base 14) in base 13?
12b0
11101 (base 4) to base 14
1a1
-408a (base 16) to base 12
-968a
Convert 471 (base 12) to base 15.
2e1
Convert 203303 (base 5) to base 2.
1101000101111
What is 507 (base 12) in base 10?
727
38567 (base 10) to base 15
b662
-3564 (base 14) to base 8
-22124
-101000 (base 2) to base 8
-50
What is -111011000100 (base 2) in base 3?
-12012000
-101010011111111 (base 2) to base 3
-1002211220
-4a76 (base 14) to base 11
-9885
Convert 464 (base 11) to base 8.
1052
Convert 20033013 (base 4) to base 9.
51243
What is 1033301 (base 4) in base 11?
3921
Convert 1db (base 15) to base 16.
1af
41602 (base 9) to base 4
12231011
What is -11426 (base 11) in base 14?
-6016
Convert 243 (base 10) to base 11.
201
What is -7802 (base 9) in base 8?
-13171
Convert 5f1 (base 16) to base 6.
11013
What is -636 (base 7) in base 3?
-102220
What is 332133 (base 4) in base 8?
7637
What is 1454 (base 7) in base 9?
712
3763 (base 12) to base 14
23d9
Convert -478 (base 9) to base 8.
-613
-8e6 (base 15) to base 12
-1200
6a6 (base 12) to base 5
12430
Convert 11779 (base 11) to base 3.
212012010
Convert 1754 (base 8) to base 2.
1111101100
863 (base 9) to base 2
1011000001
Convert -3cd (base 15) to base 4.
-31210
-230 (base 5) to base 14
-49
Convert -1062 (base 7) to base 14.
-1d9
2f6 (base 16) to base 11
62a
40404 (base 5) to base 15
b89
What is -211002 (base 3) in base 11?
-4a2
Convert 2ca6 (base 13) to base 6.
50210
Convert 17207 (base 8) to base 16.
1e87
-5023 (base 6) to base 14
-583
What is -1000010100100011 (base 2) in base 11?
-23675
What is -21232 (base 4) in base 2?
-1001101110
Convert 101111021 (base 4) to base 8.
212511
Convert -110010111 (base 2) to base 4.
-12113
What is 94 (base 15) in base 10?
139
Convert 117 (base 11) to base 15.
94
Convert 455 (base 7) to base 12.
178
33033121 (base 4) to base 12
30161
What is -3011120 (base 4) in base 7?
-51554
What is -1345 (base 7) in base 9?
-641
110 (base 10) to base 15
75
-442 (base 6) to base 15
-b5
Convert -31c (base 14) to base 7.
-1535
Convert -3613 (base 7) to base 8.
-2465
What is 438 (base 9) in base 2?
101100111
2860 (base 13) to base 8
13300
What is -1cc (base 15) in base 4?
-12201
15350 (base 8) to base 11
51a2
36c (base 13) to base 6
2433
Convert -443 (base 9) to base 7.
-1026
12120233 (base 4) to base 10
26159
Convert 1121320 (base 4) to base 8.
13170
7d78 (base 14) to base 13
9c49
What is -2849 (base 15) in base 2?
-10000110101011
Convert -42 (base 5) to base 6.
-34
-175a (base 12) to base 2
-101011110110
-147 (base 11) to base 4
-2230
-6560 (base 7) to base 5
-33340
What is 1099 (base 13) in base 14?
bbd
2984 (base 10) to base 14
1132
What is 100010111100001 (base 2) in base 6?
214453
Convert -33143 (base 6) to base 13.
-212a
2030300 (base 5) to base 2
1000000110110000
Convert -12358 (base 12) to base 5.
-1242232
-41620 (base 7) to base 11
-7783
Convert 6c57 (base 14) to base 7.
106040
Convert -5a48 (base 11) to base 7.
-32040
10413 (base 5) to base 15
33d
What is -585 (base 13) in base 4?
-32322
84a (base 16) to base 11
165a
Convert -243 (base 15) to base 3.
-201000
Convert -10534 (base 6) to base 5.
-21443
What is -3510 (base 10) in base 4?
-312312
Convert 31320020 (base 4) to base 6.
1115052
Convert 202022202 (base 3) to base 2.
11100111100000
What is -5e4 (base 15) in base 7?
-3622
Convert 5548 (base 9) to base 16.
ffe
10203 (base 4) to base 11
245
Convert -200434 (base 5) to base 13.
-2b8c
Convert -4da (base 14) to base 6.
-4304
2591 (base 11) to base 3
11121201
1555 (base 12) to base 2
100111010001
-3305 (base 7) to base 8
-2235
Convert 6cee (base 16) to base 9.
42224
What is 1000111110110111 (base 2) in base 13?
13991
What is -16f9 (base 16) in base 10?
-5881
What is -3645 (base 15) in base 10?
-11540
Convert 11101001010 (base 2) to base 7.
5304
Convert 20146 (base 9) to base 5.
410440
Convert 5b (base 14) to base 8.
121
What is 23234 (base 8) in base 16?
269c
-100000001001110 (base 2) to base 12
-963a
44481 (base 10) to base 7
243453
457 (base 14) to base 3
1011220
Convert -223441 (base 5) to base 12.
-4764
Convert -50 (base 12) to base 9.
-66
Convert 868 (base 13) to base 7.
4123
-20562 (base 7) to base 8
-11743
What is -c8c1 (base 13) in base 4?
-12303201
What is -1407 (base 9) in base 13?
-637
What is -2600 (base 9) in base 5?
-30234
What is 1205 (base 8) in base 2?
1010000101
-888 (base 9) to base 10
-728
What is 4551 (base 6) in base 2?
10000110011
-100020 (base 3) to base 14
-13b
What is -4332123 (base 5) in base 6?
-1330434
What is -970b (base 13) in base 4?
-11013213
Convert 813 (base 13) to base 14.
6da
Convert -498a (base 12) to base 5.
-231224
4639 (base 12) to base 13
3738
What is 22361 (base 9) in base 4?
3220132
Convert -2a3 (base 16) to base 8.
-1243
Convert -748 (base 16) to base 10.
-1864
What is -2220202 (base 3) in base 15?
-96b
11002 (base 4) to base 12
22a
Convert -10001011111011 (base 2) to base 11.
-6801
What is -100011001111011 (base 2) in base 15?
-552d
Convert 906a (base 11) to base 13.
5644
What is -1112 (base 10) in base 8?
-2130
c90b (base 13) to base 6
333052
What is 1135 (base 12) in base 3?
2121212
102000100 (base 3) to base 10
8028
36651 (base 7) to base 2
10010101110111
What is 3707 (base 10) in base 3?
12002022
4132 (base 6) to base 8
1630
1010111101001010 (base 2) to base 14
124d4
Convert -1512 (base 6) to base 11.
-338
What is -156 (base 8) in base 4?
-1232
Convert 10001011100000 (base 2) to base 3.
110020200
What is 686 (base 15) in base 9?
2020
What is 312 (base 6) in base 9?
138
What is -7e5b (base 15) in base 10?
-26861
What is -1a89 (base 12) in base 10?
-3273
-116 (base 7) to base 13
-4a
Convert -2b11 (base 12) to base 13.
-23b9
-63c4 (base 13) to base 5
-420344
What is 28137 (base 10) in base 4?
12313221
Convert 12712 (base 12) to base 16.
627e
What is 8022 (base 12) in base 8?
33032
-1027 (base 10) to base 13
-610
What is -2cb0 (base 15) in base 6?
-112303
What is 213 (base 7) in base 14?
7a
-13001 (base 4) to base 7
-1211
-1013212 (base 4) to base 3
-20021201
Convert 11100111111010 (base 2) to base 3.
202100201
101022 (base 4) to base 5
13343
What is -1232 (base 6) in base 12?
-218
What is 1002 (base 3) in base 9?
32
12103 (base 4) to base 10
403
Convert -6010 (base 14) to base 12.
-9652
What is -3398 (base 13) in base 4?
-1300313
Convert -213030 (base 4) to base 15.
-b23
3397 (base 10) to base 6
23421
Convert -6ba (base 14) to base 3.
-1211122
1101100110100 (base 2) to base 8
15464
Convert -32124 (base 7) to base 3.
-101220200
Convert -2343 (base 5) to base 16.
-15c
100000111011 (base 2) to base 10
2107
What is 1ac5 (base 13) in base 3?
12112221
What is 3 (base 13) in base 6?
3
Convert -4202 (base 5) to base 14.
-2b6
361 (base 7) to base 9
231
Convert 13404 (base 5) to base 15.
4d9
Convert 1010001001 (base 2) to base 7.
1615
315 (base 15) to base 4
22313
What is -8a (base 13) in base 4?
-1302
610 (base 13) to base 5
13102
-1101101 (base 2) to base 4
-1231
Convert -38 (base 14) to base 15.
-35
What is 227 (base 14) in base 16?
1ab
-156 (base 12) to base 2
-11010010
-1320 (base 5) to base 16
-d2
Convert 9ed6 (base 16) to base 4.
21323112
15530 (base 10) to base 15
4905
203112 (base 4) to base 11
1777
20728 (base 11) to base 15
8e09
What is 103132021 (base 4) in base 7?
451342
What is 40430 (base 7) in base 13?
4616
Convert -614 (base 11) to base 10.
-741
10111110000 (base 2) to base 7
4301
15b1 (base 15) to base 14
19b4
-285b3 (base 12) to base 10
-56151
111001001 (base 2) to base 15
207
What is -2581 (base 12) in base 14?
-17b3
Convert 963 (base 12) to base 16.
55b
What is 316 (base 14) in base 9?
745
-13132 (base 4) to base 13
-2aa
32586 (base 11) to base 9
71767
-1c5a (base 14) to base 9
-7081
Convert -563 (base 8) to base 7.
-1040
270 (base 8) to base